posite?
False
Is 142532833 prime?
True
Is 421084907 a composite number?
False
Is 6530789 a composite number?
False
Is 2196101 a composite number?
True
Is 252737 prime?
True
Is 36075041 prime?
False
Is 64489354 prime?
False
Is 384093013 prime?
True
Is 4373807 prime?
False
Is 254275843 a prime number?
True
Is 4488371 prime?
True
Is 7067899 prime?
True
Is 1825751 a prime number?
False
Is 1900601 prime?
False
Is 87862513 a composite number?
False
Is 93707251 composite?
True
Is 964433 a composite number?
False
Is 62113411 prime?
True
Is 63898651 composite?
True
Is 4007446 composite?
True
Is 1804289 composite?
True
Is 6191363 a composite number?
False
Is 11861 prime?
False
Is 302327743 composite?
True
Is 9312563 a composite number?
True
Is 81830479 a prime number?
False
Is 2283991 a prime number?
True
Is 14514785 prime?
False
Is 240941803 a prime number?
False
Is 16402609 prime?
True
Is 434153645 a composite number?
True
Is 83268638 prime?
False
Is 34262233 composite?
True
Is 4524521 prime?
True
Is 370881113 a composite number?
True
Is 15145994 a composite number?
True
Is 6886589 a prime number?
True
Is 39960607 a composite number?
False
Is 340588361 composite?
False
Is 1363601011 composite?
False
Is 4805303 composite?
False
Is 109656949 composite?
False
Is 5961551 a composite number?
True
Is 762343 a composite number?
True
Is 7063541 prime?
False
Is 135319 a prime number?
True
Is 25226381 a composite number?
True
Is 117519329 composite?
False
Is 25597001 prime?
False
Is 909761 prime?
True
Is 12958691 prime?
True
Is 937215094 composite?
True
Is 2225371 a composite number?
False
Is 13496549 prime?
False
Is 29333251 prime?
True
Is 3821017 a composite number?
True
Is 521845 a composite number?
True
Is 396339727 a composite number?
True
Is 128827 composite?
True
Is 59704735 prime?
False
Is 75045559 a prime number?
True
Is 1568479 prime?
False
Is 45187907 a composite number?
False
Is 38871229 composite?
False
Is 17425819 a composite number?
True
Is 11399746 a composite number?
True
Is 11365909 a composite number?
False
Is 22436329 a composite number?
False
Is 7921301 prime?
False
Is 55750699 prime?
True
Is 491976181 prime?
True
Is 189829417 a prime number?
True
Is 16235027 a composite number?
False
Is 40000409 prime?
True
Is 1253023171 composite?
False
Is 150974035 composite?
True
Is 21137959 a prime number?
True
Is 3149173 a prime number?
True
Is 92643229 composite?
True
Is 278477 prime?
False
Is 3757357 a prime number?
False
Is 11801177 a composite number?
False
Is 31698239 prime?
True
Is 2059649 a prime number?
True
Is 78512981 a composite number?
True
Is 552771071 a prime number?
True
Is 28131587 a prime number?
False
Is 1132447 prime?
True
Is 1845103 prime?
False
Is 10345073 a prime number?
True
Is 37095889 prime?
True
Is 183868631 composite?
False
Is 1458017 a composite number?
True
Is 150343 composite?
False
Is 16427069 composite?
True
Is 144751 composite?
False
Is 211349207 a composite number?
True
Is 21304949 a composite number?
False
Is 980016659 prime?
True
Is 1628279 prime?
True
Is 6975161 a prime number?
False
Is 328948303 composite?
True
Is 10031353 prime?
True
Is 88241423 a prime number?
True
Is 123384307 composite?
True
Is 9327107 a composite number?
True
Is 57875257 a prime number?
False
Is 10685243 composite?
False
Is 11708258 composite?
True
Is 2129003 a prime number?
True
Is 233616629 prime?
False
Is 65173709 a prime number?
True
Is 23644121 composite?
False
Is 5235193 a composite number?
False
Is 9663947 a prime number?
False
Is 853291843 prime?
False
Is 131946853 a composite number?
False
Is 18282557 a composite number?
True
Is 228731 a prime number?
True
Is 133226222 prime?
False
Is 2005547 a prime number?
True
Is 4930349 a composite number?
True
Is 545429 a prime number?
True
Is 190347667 composite?
False
Is 1199381 a prime number?
False
Is 17294239 composite?
False
Is 55270547 prime?
True
Is 58309 a prime number?
True
Is 16928633 composite?
False
Is 14687843 a composite number?
False
Is 19171 a composite number?
True
Is 80362697 a prime number?
True
Is 65529839 a composite number?
False
Is 10271693 a prime number?
True
Is 973253 a prime number?
True
Is 8817191 a composite number?
False
Is 1347809 a composite number?
True
Is 28385219 a prime number?
True
Is 75763529 composite?
False
Is 166252667 composite?
True
Is 41606543 a composite number?
True
Is 879353 composite?
False
Is 112778467 a composite number?
False
Is 2242943 composite?
True
Is 163322641 composite?
True
Is 524497 prime?
True
Is 186032003 a prime number?
False
Is 7927703 a composite number?
True
Is 7086698 composite?
True
Is 71027743 composite?
True
Is 165028879 a prime number?
False
Is 26405159 a composite number?
True
Is 967529 prime?
True
Is 1713373 a composite number?
False
Is 120523457 composite?
False
Is 2707909 composite?
False
Is 11795783 a prime number?
True
Is 7112531 a prime number?
True
Is 40281403 composite?
True
Is 888371 a composite number?
True
Is 2413097 a composite number?
False
Is 108167 a composite number?
True
Is 74086963 prime?
True
Is 272173973 a composite number?
True
Is 1945337 a composite number?
False
Is 365808877 composite?
True
Is 111918589 prime?
False
Is 26511799 a composite number?
False
Is 3667663 composite?
True
Is 2872279 a composite number?
True
Is 3378409 a prime number?
False
Is 10519613 a prime number?
False
Is 243251093 a prime number?
False
Is 29425081 composite?
True
Is 212392637 composite?
False
Is 13693913 composite?
True
Is 254411257 composite?
True
Is 729059 composite?
False
Is 5368361 a composite number?
True
Is 20464637 a composite number?
False
Is 30432503 prime?
False
Is 18598807 a composite number?
False
Is 60555713 composite?
True
Is 104991429 prime?
False
Is 14831239 composite?
True
Is 987293 a composite number?
False
Is 112871333 composite?
False
Is 7145813 composite?
False
Is 652871 composite?
False
Is 12838227 a composite number?
True
Is 114593231 composite?
False
Is 24543881 prime?
True
Is 67690681 prime?
True
Is 5447639 composite?
False
Is 2926843 prime?
True
Is 579976499 a composite number?
True
Is 100642901 composite?
True
Is 113927953 a composite number?
True
Is 1535471 a composite number?
True
Is 194765 composite?
True
Is 622604851 a prime number?
False
Is 3949733 a composite number?
False
Is 73968607 composite?
False
Is 19226531 prime?
False
Is 13761179 a prime number?
False
Is 113031013 composite?
False
Is 1483597 composite?
False
Is 10553171 a prime number?
True
Is 1678787 prime?
False
Is 51189911 prime?
True
Is 19360441 a composite number?
False
Is 19343381 composite?
False
Is 4170403 a prime number?
False
Is 180683533 a composite number?
True
Is 88529 prime?
False
Is 43036967 prime?
True
Is 483211583 a composite number?
False
Is 1023282109 a composite number?
True
Is 167615023 composite?
False
Is 474706073 composite?
False
Is 538753099 a prime number?
False
Is 93157978 a prime number?
False
Is 21792739 a prime number?
False
Is 892421 composite?
False
Is 15984901 a prime number?
False
Is 6798679 a prime number?
True
Is 21303077 prime?
False
Is 16656223 prime?
True
Is 849333223 a prime number?
True
Is 876989 a composite number?
True
Is 58568095 composite?
True
Is 57982267 a prime number?
False
Is 14674489 a composite number?
True
Is 28550105 a composite number?
True
Is 64757993 prime?
False
Is 5021071 prime?
False
Is 6596351 prime?
False
Is 8846971 a prime number?
False
Is 5848639 composite?
False
Is 6295246 a prime number?
False
Is 207638913 a composite number?
True
Is 210931811 prime?
True
Is 93903067 composite?
False
Is 1534406 composite?
True
Is 33067141 composite?
False
Is 18447049 composite?
True
Is 24430657 a composite number?
False
Is 16687381 a composite number?
False
Is 90633827 prime?
False
Is 6824147 prime?
False
Is 8726777 composite?
False
Is 10432581 prime?
False
Is 26154826 composite?
True
Is 12535811 a prime number?
False
Is 76226041 a prime number?
True
Is 3621691 a composite number?
False
Is 195863 composite?
False
Is 221857037 a composite number?
True
Is 26224697 prime?
False
Is 165640769 prime?
False
Is 51692297 composite?
True
Is 6314921 prime?
True
Is 753497 a prime number?
True
Is 60763047 prime?
False
Is 124793399 prime?
True
Is 11377745 a composite number?
True
Is 30125861 a